Last updated on 2025-10-31 20:48:33 CET.
| Flavor | Version | Tinstall | Tcheck | Ttotal | Status | Flags | 
|---|---|---|---|---|---|---|
| r-devel-linux-x86_64-debian-clang | 1.9 | 11.36 | 97.06 | 108.42 | NOTE | |
| r-devel-linux-x86_64-debian-gcc | 1.9 | 8.29 | 67.93 | 76.22 | NOTE | |
| r-devel-linux-x86_64-fedora-clang | 1.9 | 62.00 | 115.40 | 177.40 | OK | |
| r-devel-linux-x86_64-fedora-gcc | 1.9 | 27.00 | 136.88 | 163.88 | OK | |
| r-devel-windows-x86_64 | 1.9 | 12.00 | 97.00 | 109.00 | OK | |
| r-patched-linux-x86_64 | 1.9 | 10.67 | 91.73 | 102.40 | OK | |
| r-release-linux-x86_64 | 1.9 | 12.49 | 90.79 | 103.28 | OK | |
| r-release-macos-arm64 | 1.9 | 6.00 | 43.00 | 49.00 | OK | |
| r-release-macos-x86_64 | 1.9 | 20.00 | 102.00 | 122.00 | OK | |
| r-release-windows-x86_64 | 1.9 | 13.00 | 101.00 | 114.00 | OK | |
| r-oldrel-macos-arm64 | 1.9 | 5.00 | 42.00 | 47.00 | OK | |
| r-oldrel-macos-x86_64 | 1.9 | 16.00 | 84.00 | 100.00 | OK | |
| r-oldrel-windows-x86_64 | 1.9 | 17.00 | 127.00 | 144.00 | OK | 
Version: 1.9
Check: CRAN incoming feasibility
Result: NOTE
  Maintainer: ‘Arthur White <arwhite@tcd.ie>’
  
  Package CITATION file contains call(s) to old-style personList() or
  as.personList().  Please use c() on person objects instead.
  Package CITATION file contains call(s) to old-style citEntry().  Please
  use bibentry() instead.
Flavors: r-devel-linux-x86_64-debian-clang, r-devel-linux-x86_64-debian-gcc