Last updated on 2025-07-19 08:48:29 CEST.
Flavor | Version | Tinstall | Tcheck | Ttotal | Status | Flags |
---|---|---|---|---|---|---|
r-devel-linux-x86_64-debian-clang | 1.9 | 12.42 | 94.10 | 106.52 | NOTE | |
r-devel-linux-x86_64-debian-gcc | 1.9 | 8.24 | 67.36 | 75.60 | NOTE | |
r-devel-linux-x86_64-fedora-clang | 1.9 | 172.55 | OK | |||
r-devel-linux-x86_64-fedora-gcc | 1.9 | 168.02 | OK | |||
r-devel-windows-x86_64 | 1.9 | 12.00 | 103.00 | 115.00 | OK | |
r-patched-linux-x86_64 | 1.9 | 11.79 | 88.83 | 100.62 | OK | |
r-release-linux-x86_64 | 1.9 | 10.66 | 91.12 | 101.78 | OK | |
r-release-macos-arm64 | 1.9 | 49.00 | OK | |||
r-release-macos-x86_64 | 1.9 | 122.00 | OK | |||
r-release-windows-x86_64 | 1.9 | 12.00 | 100.00 | 112.00 | OK | |
r-oldrel-macos-arm64 | 1.9 | 47.00 | OK | |||
r-oldrel-macos-x86_64 | 1.9 | 100.00 | OK | |||
r-oldrel-windows-x86_64 | 1.9 | 16.00 | 125.00 | 141.00 | OK |
Version: 1.9
Check: CRAN incoming feasibility
Result: NOTE
Maintainer: ‘Arthur White <arwhite@tcd.ie>’
Package CITATION file contains call(s) to old-style personList() or
as.personList(). Please use c() on person objects instead.
Package CITATION file contains call(s) to old-style citEntry(). Please
use bibentry() instead.
Flavors: r-devel-linux-x86_64-debian-clang, r-devel-linux-x86_64-debian-gcc