Last updated on 2025-11-15 12:49:30 CET.
| Flavor | Version | Tinstall | Tcheck | Ttotal | Status | Flags |
|---|---|---|---|---|---|---|
| r-devel-linux-x86_64-debian-clang | 1.0.0 | 295.85 | 219.87 | 515.72 | OK | |
| r-devel-linux-x86_64-debian-gcc | 1.0.0 | 269.88 | 180.66 | 450.54 | OK | |
| r-devel-linux-x86_64-fedora-clang | 1.0.0 | 1020.00 | -175.53 | 844.47 | OK | |
| r-devel-linux-x86_64-fedora-gcc | 1.0.0 | 840.00 | 198.89 | 1038.89 | OK | |
| r-devel-windows-x86_64 | 1.0.0 | 369.00 | 237.00 | 606.00 | OK | |
| r-patched-linux-x86_64 | 1.0.0 | 384.62 | 243.83 | 628.45 | OK | |
| r-release-linux-x86_64 | 1.0.0 | 364.73 | 248.15 | 612.88 | OK | |
| r-release-macos-arm64 | 1.0.0 | 134.00 | 96.00 | 230.00 | OK | |
| r-release-macos-x86_64 | 1.0.0 | 141.00 | 201.00 | 342.00 | OK | |
| r-release-windows-x86_64 | 1.0.0 | 346.00 | 236.00 | 582.00 | OK | |
| r-oldrel-macos-arm64 | 1.0.0 | 65.00 | 50.00 | 115.00 | NOTE | |
| r-oldrel-macos-x86_64 | 1.0.0 | 62.00 | 87.00 | 149.00 | NOTE | |
| r-oldrel-windows-x86_64 | 1.0.0 | 402.00 | 315.00 | 717.00 | NOTE |
Version: 1.0.0
Check: installed package size
Result: NOTE
installed size is 54.2Mb
sub-directories of 1Mb or more:
libs 52.7Mb
Flavors: r-oldrel-macos-arm64, r-oldrel-macos-x86_64
Version: 1.0.0
Check: for GNU extensions in Makefiles
Result: NOTE
GNU make is a SystemRequirements.
Flavors: r-oldrel-macos-arm64, r-oldrel-macos-x86_64, r-oldrel-windows-x86_64