Last updated on 2024-06-10 10:58:39 CEST.
Flavor | Version | Tinstall | Tcheck | Ttotal | Status | Flags |
---|---|---|---|---|---|---|
r-devel-linux-x86_64-debian-clang | 5.2 | 8.71 | 552.36 | 561.07 | NOTE | |
r-devel-linux-x86_64-debian-gcc | 5.2 | 6.40 | 347.24 | 353.64 | NOTE | |
r-devel-linux-x86_64-fedora-clang | 5.2 | 654.80 | NOTE | |||
r-devel-linux-x86_64-fedora-gcc | 5.2 | 737.32 | NOTE | |||
r-devel-windows-x86_64 | 5.2 | 8.00 | 374.00 | 382.00 | NOTE | |
r-patched-linux-x86_64 | 5.2 | 8.50 | 495.81 | 504.31 | NOTE | |
r-release-linux-x86_64 | 5.2 | 8.89 | 498.66 | 507.55 | NOTE | |
r-release-macos-arm64 | 5.2 | 284.00 | NOTE | |||
r-release-macos-x86_64 | 5.2 | 414.00 | NOTE | |||
r-release-windows-x86_64 | 5.2 | 7.00 | 396.00 | 403.00 | NOTE | |
r-oldrel-macos-arm64 | 5.2 | 260.00 | OK | |||
r-oldrel-macos-x86_64 | 5.2 | 381.00 | OK | |||
r-oldrel-windows-x86_64 | 5.2 | 10.00 | 437.00 | 447.00 | OK |
Version: 5.2
Check: Rd files
Result: NOTE
checkRd: (-1) gMLE.bb.Rd:18: Lost braces
18 | \item{optim.method}{optimization method in \code{optim()}{stats}.}
| ^
Flavors: r-devel-linux-x86_64-debian-clang, r-devel-linux-x86_64-debian-gcc, r-devel-linux-x86_64-fedora-clang, r-devel-linux-x86_64-fedora-gcc, r-devel-windows-x86_64, r-patched-linux-x86_64, r-release-linux-x86_64, r-release-macos-arm64, r-release-macos-x86_64, r-release-windows-x86_64