Last updated on 2025-07-25 19:49:37 CEST.
Flavor | Version | Tinstall | Tcheck | Ttotal | Status | Flags |
---|---|---|---|---|---|---|
r-devel-linux-x86_64-debian-clang | 1.3.0 | 8.16 | 75.42 | 83.58 | NOTE | |
r-devel-linux-x86_64-debian-gcc | 1.3.0 | 6.24 | 55.14 | 61.38 | NOTE | |
r-devel-linux-x86_64-fedora-clang | 1.3.0 | 142.10 | OK | |||
r-devel-linux-x86_64-fedora-gcc | 1.3.0 | 127.35 | OK | |||
r-devel-windows-x86_64 | 1.3.0 | 11.00 | 88.00 | 99.00 | OK | |
r-patched-linux-x86_64 | 1.3.0 | 7.92 | 71.99 | 79.91 | OK | |
r-release-linux-x86_64 | 1.3.0 | 7.95 | 71.63 | 79.58 | OK | |
r-release-macos-arm64 | 1.3.0 | 38.00 | OK | |||
r-release-macos-x86_64 | 1.3.0 | 62.00 | OK | |||
r-release-windows-x86_64 | 1.3.0 | 11.00 | 86.00 | 97.00 | OK | |
r-oldrel-macos-arm64 | 1.3.0 | 35.00 | OK | |||
r-oldrel-macos-x86_64 | 1.3.0 | 59.00 | OK | |||
r-oldrel-windows-x86_64 | 1.3.0 | 14.00 | 103.00 | 117.00 | OK |
Version: 1.3.0
Check: CRAN incoming feasibility
Result: NOTE
Maintainer: ‘Hamed Haselimashhadi <hamedhaseli@gmail.com>’
No Authors@R field in DESCRIPTION.
Please add one, modifying
Authors@R: person(given = "Hamed",
family = "Haselimashhadi",
role = c("aut", "cre"),
email = "hamedhaseli@gmail.com")
as necessary.
Flavors: r-devel-linux-x86_64-debian-clang, r-devel-linux-x86_64-debian-gcc