Last updated on 2025-10-31 07:51:40 CET.
| Flavor | Version | Tinstall | Tcheck | Ttotal | Status | Flags | 
|---|---|---|---|---|---|---|
| r-devel-linux-x86_64-debian-clang | 0.1-8 | 8.94 | 73.94 | 82.88 | NOTE | |
| r-devel-linux-x86_64-debian-gcc | 0.1-8 | 7.06 | 54.24 | 61.30 | NOTE | |
| r-devel-linux-x86_64-fedora-clang | 0.1-8 | 20.00 | 108.22 | 128.22 | NOTE | |
| r-devel-linux-x86_64-fedora-gcc | 0.1-8 | 20.00 | 98.75 | 118.75 | NOTE | |
| r-devel-windows-x86_64 | 0.1-8 | 14.00 | 83.00 | 97.00 | NOTE | |
| r-patched-linux-x86_64 | 0.1-8 | 9.66 | 67.05 | 76.71 | NOTE | |
| r-release-linux-x86_64 | 0.1-8 | 9.15 | 67.70 | 76.85 | NOTE | |
| r-release-macos-arm64 | 0.1-8 | 5.00 | 30.00 | 35.00 | NOTE | |
| r-release-macos-x86_64 | 0.1-8 | 8.00 | 50.00 | 58.00 | NOTE | |
| r-release-windows-x86_64 | 0.1-8 | 13.00 | 87.00 | 100.00 | NOTE | |
| r-oldrel-macos-arm64 | 0.1-8 | 4.00 | 27.00 | 31.00 | NOTE | |
| r-oldrel-macos-x86_64 | 0.1-8 | 6.00 | 44.00 | 50.00 | NOTE | |
| r-oldrel-windows-x86_64 | 0.1-8 | 17.00 | 100.00 | 117.00 | NOTE | 
Version: 0.1-8
Check: CRAN incoming feasibility
Result: NOTE
  Maintainer: ‘Anton Gagin <av.gagin@gmail.com>’
  
  No Authors@R field in DESCRIPTION.
  Please add one, modifying
    Authors@R: c(person(given = "Anton",
                        family = "Gagin",
                        role = c("aut", "cre"),
                        email = "av.gagin@gmail.com"),
                 person(given = c("Igor", "Levin", "with", "contributions", "from", "Charles", "R.", "Hogg"),
                        family = "III",
                        role = "aut"))
  as necessary.
Flavors: r-devel-linux-x86_64-debian-clang, r-devel-linux-x86_64-debian-gcc
Version: 0.1-8
Check: Rd files
Result: NOTE
  checkRd: (-1) runUI.Rd:11: Lost braces
      11 | Runs a \bold{Shiny} application. This function normally does not return; interrupt bold{R} to stop the application (usually by pressing Ctrl+C or Esc).
         |                                                                                        ^
Flavors: r-devel-linux-x86_64-debian-clang, r-devel-linux-x86_64-debian-gcc, r-devel-linux-x86_64-fedora-clang, r-devel-linux-x86_64-fedora-gcc, r-devel-windows-x86_64, r-patched-linux-x86_64, r-release-linux-x86_64, r-release-macos-arm64, r-release-macos-x86_64, r-release-windows-x86_64, r-oldrel-macos-arm64, r-oldrel-macos-x86_64, r-oldrel-windows-x86_64
Version: 0.1-8
Check: LazyData
Result: NOTE
    'LazyData' is specified without a 'data' directory
Flavors: r-oldrel-macos-arm64, r-oldrel-macos-x86_64, r-oldrel-windows-x86_64