Last updated on 2025-10-24 05:50:32 CEST.
| Flavor | Version | Tinstall | Tcheck | Ttotal | Status | Flags |
|---|---|---|---|---|---|---|
| r-devel-linux-x86_64-debian-clang | 1.7.5 | 13.04 | 146.92 | 159.96 | NOTE | |
| r-devel-linux-x86_64-debian-gcc | 1.7.5 | 10.81 | 105.40 | 116.21 | NOTE | |
| r-devel-linux-x86_64-fedora-clang | 1.7.5 | 29.00 | 223.79 | 252.79 | NOTE | |
| r-devel-linux-x86_64-fedora-gcc | 1.7.5 | 32.00 | 218.68 | 250.68 | NOTE | |
| r-devel-windows-x86_64 | 1.7.5 | 29.00 | 185.00 | 214.00 | NOTE | |
| r-patched-linux-x86_64 | 1.7.5 | 15.76 | 132.29 | 148.05 | NOTE | |
| r-release-linux-x86_64 | 1.7.5 | 13.06 | 134.24 | 147.30 | NOTE | |
| r-release-macos-arm64 | 1.7.5 | 8.00 | 91.00 | 99.00 | NOTE | |
| r-release-macos-x86_64 | 1.7.5 | 9.00 | 142.00 | 151.00 | NOTE | |
| r-release-windows-x86_64 | 1.7.5 | 28.00 | 188.00 | 216.00 | NOTE | |
| r-oldrel-macos-arm64 | 1.7.5 | 8.00 | 83.00 | 91.00 | OK | |
| r-oldrel-macos-x86_64 | 1.7.5 | 18.00 | 198.00 | 216.00 | OK | |
| r-oldrel-windows-x86_64 | 1.7.5 | 35.00 | 220.00 | 255.00 | OK |
Version: 1.7.5
Check: compiled code
Result: NOTE
File ‘BAS/libs/BAS.so’:
Found non-API call to R: ‘SETLENGTH’
Compiled code should not call non-API entry points in R.
See ‘Writing portable packages’ in the ‘Writing R Extensions’ manual,
and section ‘Moving into C API compliance’ for issues with the use of
non-API entry points.
Flavors: r-devel-linux-x86_64-debian-clang, r-devel-linux-x86_64-debian-gcc, r-devel-linux-x86_64-fedora-clang, r-devel-linux-x86_64-fedora-gcc, r-patched-linux-x86_64, r-release-linux-x86_64, r-release-macos-arm64, r-release-macos-x86_64
Version: 1.7.5
Check: compiled code
Result: NOTE
File 'BAS/libs/x64/BAS.dll':
Found non-API call to R: 'SETLENGTH'
Compiled code should not call non-API entry points in R.
See 'Writing portable packages' in the 'Writing R Extensions' manual,
and section 'Moving into C API compliance' for issues with the use of
non-API entry points.
Flavors: r-devel-windows-x86_64, r-release-windows-x86_64