CRAN Package Check Results for Package AlgDesign

Last updated on 2025-11-22 09:49:46 CET.

Flavor Version Tinstall Tcheck Ttotal Status Flags
r-devel-linux-x86_64-debian-clang 1.2.1.2 8.11 39.62 47.73 OK
r-devel-linux-x86_64-debian-gcc 1.2.1.2 5.01 31.19 36.20 OK
r-devel-linux-x86_64-fedora-clang 1.2.1.2 20.00 52.23 72.23 NOTE
r-devel-windows-x86_64 1.2.1.2 11.00 75.00 86.00 OK
r-patched-linux-x86_64 1.2.1.2 5.95 37.38 43.33 OK
r-release-linux-x86_64 1.2.1.2 6.21 37.23 43.44 OK
r-release-macos-arm64 1.2.1.2 OK
r-release-macos-x86_64 1.2.1.2 18.00 103.00 121.00 OK
r-release-windows-x86_64 1.2.1.2 10.00 69.00 79.00 OK
r-oldrel-macos-arm64 1.2.1.2 OK
r-oldrel-macos-x86_64 1.2.1.2 17.00 131.00 148.00 OK
r-oldrel-windows-x86_64 1.2.1.2 14.00 74.00 88.00 OK

Check Details

Version: 1.2.1.2
Check: compiled code
Result: NOTE File ‘AlgDesign/libs/AlgDesign.so’: Found no calls to: ‘R_registerRoutines’, ‘R_useDynamicSymbols’ It is good practice to register native routines and to disable symbol search. See ‘Writing portable packages’ in the ‘Writing R Extensions’ manual. Flavor: r-devel-linux-x86_64-fedora-clang