Last updated on 2025-11-04 09:49:51 CET.
| Flavor | Version | Tinstall | Tcheck | Ttotal | Status | Flags | 
|---|---|---|---|---|---|---|
| r-devel-linux-x86_64-debian-clang | 0.2.1 | 6.85 | 62.98 | 69.83 | NOTE | |
| r-devel-linux-x86_64-debian-gcc | 0.2.1 | 4.45 | 45.58 | 50.03 | NOTE | |
| r-devel-linux-x86_64-fedora-clang | 0.2.1 | 21.00 | 87.12 | 108.12 | OK | |
| r-devel-linux-x86_64-fedora-gcc | 0.2.1 | 31.00 | 93.07 | 124.07 | OK | |
| r-devel-windows-x86_64 | 0.2.1 | 10.00 | 75.00 | 85.00 | OK | |
| r-patched-linux-x86_64 | 0.2.1 | 5.53 | 56.73 | 62.26 | OK | |
| r-release-linux-x86_64 | 0.2.1 | 6.44 | 58.18 | 64.62 | OK | |
| r-release-macos-arm64 | 0.2.1 | 4.00 | 36.00 | 40.00 | OK | |
| r-release-macos-x86_64 | 0.2.1 | 6.00 | 80.00 | 86.00 | OK | |
| r-release-windows-x86_64 | 0.2.1 | 10.00 | 71.00 | 81.00 | OK | |
| r-oldrel-macos-arm64 | 0.2.1 | 3.00 | 36.00 | 39.00 | OK | |
| r-oldrel-macos-x86_64 | 0.2.1 | 5.00 | 54.00 | 59.00 | OK | |
| r-oldrel-windows-x86_64 | 0.2.1 | 12.00 | 86.00 | 98.00 | OK | 
Version: 0.2.1
Check: CRAN incoming feasibility
Result: NOTE
  Maintainer: ‘Dan Dediu <ddediu@gmail.com>’
  
  Package CITATION file contains call(s) to old-style personList() or
  as.personList().  Please use c() on person objects instead.
  Package CITATION file contains call(s) to old-style citEntry().  Please
  use bibentry() instead.
Flavors: r-devel-linux-x86_64-debian-clang, r-devel-linux-x86_64-debian-gcc