Last updated on 2025-10-25 18:50:08 CEST.
| Flavor | Version | Tinstall | Tcheck | Ttotal | Status | Flags |
|---|---|---|---|---|---|---|
| r-devel-linux-x86_64-debian-clang | 0.0.60 | 52.68 | 168.29 | 220.97 | NOTE | |
| r-devel-linux-x86_64-debian-gcc | 0.0.60 | 28.14 | 120.24 | 148.38 | NOTE | |
| r-devel-linux-x86_64-fedora-clang | 0.0.60 | 105.00 | 238.35 | 343.35 | OK | |
| r-devel-linux-x86_64-fedora-gcc | 0.0.60 | 75.00 | 255.21 | 330.21 | OK | |
| r-devel-windows-x86_64 | 0.0.60 | 50.00 | 181.00 | 231.00 | NOTE | |
| r-patched-linux-x86_64 | 0.0.60 | 44.45 | 154.95 | 199.40 | NOTE | |
| r-release-linux-x86_64 | 0.0.60 | 44.13 | 157.35 | 201.48 | NOTE | |
| r-release-macos-arm64 | 0.0.60 | 17.00 | 55.00 | 72.00 | OK | |
| r-release-macos-x86_64 | 0.0.60 | 31.00 | 144.00 | 175.00 | OK | |
| r-release-windows-x86_64 | 0.0.60 | 56.00 | 188.00 | 244.00 | NOTE | |
| r-oldrel-macos-arm64 | 0.0.60 | 17.00 | 57.00 | 74.00 | OK | |
| r-oldrel-macos-x86_64 | 0.0.60 | 30.00 | 92.00 | 122.00 | OK | |
| r-oldrel-windows-x86_64 | 0.0.60 | 65.00 | 235.00 | 300.00 | OK |
Version: 0.0.60
Check: Rd cross-references
Result: NOTE
Found the following Rd file(s) with Rd \link{} targets missing package
anchors:
ATA.BoxCoxAttr.Rd: BoxCox, InvBoxCox, BoxCox.lambda
ATA.Decomposition.Rd: stlplus
Please provide package anchors for all Rd \link{} targets not in the
package itself and the base packages.
Flavors: r-devel-linux-x86_64-debian-clang, r-devel-linux-x86_64-debian-gcc, r-devel-windows-x86_64, r-patched-linux-x86_64, r-release-linux-x86_64, r-release-windows-x86_64