Last updated on 2025-10-23 05:51:46 CEST.
Flavor | Version | Tinstall | Tcheck | Ttotal | Status | Flags |
---|---|---|---|---|---|---|
r-devel-linux-x86_64-debian-clang | 1.0-8 | 24.10 | 235.56 | 259.66 | NOTE | |
r-devel-linux-x86_64-debian-gcc | 1.0-8 | 16.46 | 260.39 | 276.85 | OK | |
r-devel-linux-x86_64-fedora-clang | 1.0-8 | 58.00 | 372.12 | 430.12 | OK | |
r-devel-linux-x86_64-fedora-gcc | 1.0-8 | 50.00 | 495.02 | 545.02 | OK | |
r-devel-windows-x86_64 | 1.0-8 | 30.00 | 120.00 | 150.00 | OK | --no-vignettes |
r-patched-linux-x86_64 | 1.0-8 | 24.22 | 292.88 | 317.10 | OK | |
r-release-linux-x86_64 | 1.0-8 | 23.39 | 292.51 | 315.90 | OK | |
r-release-macos-arm64 | 1.0-8 | 11.00 | 209.00 | 220.00 | OK | |
r-release-macos-x86_64 | 1.0-8 | 15.00 | 413.00 | 428.00 | OK | |
r-release-windows-x86_64 | 1.0-8 | 31.00 | 124.00 | 155.00 | OK | --no-vignettes |
r-oldrel-macos-arm64 | 1.0-8 | 11.00 | 197.00 | 208.00 | OK | |
r-oldrel-macos-x86_64 | 1.0-8 | 20.00 | 383.00 | 403.00 | OK | |
r-oldrel-windows-x86_64 | 1.0-8 | 36.00 | 135.00 | 171.00 | OK | --no-vignettes |
Version: 1.0-8
Check: top-level files
Result: NOTE
Found the following validation problem for the NEWS.Rd HTML conversion:
NEWS.html:187:1 (inst/NEWS.Rd:96): Warning: missing </ul> before </div>
NEWS.html:103:1 (inst/NEWS.Rd:50): Warning: <h4> anchor "README" already defined
NEWS.html:116:1 (inst/NEWS.Rd:57): Warning: <h4> anchor "NEW-FEATURES" already defined
NEWS.html:150:1 (inst/NEWS.Rd:79): Warning: <h4> anchor "BUG-FIXES" already defined
Flavor: r-devel-linux-x86_64-debian-clang