Last updated on 2025-10-31 14:49:35 CET.
| Flavor | Version | Tinstall | Tcheck | Ttotal | Status | Flags | 
|---|---|---|---|---|---|---|
| r-devel-linux-x86_64-debian-clang | 0.2.4 | 8.01 | 242.30 | 250.31 | NOTE | |
| r-devel-linux-x86_64-debian-gcc | 0.2.4 | 4.82 | 144.22 | 149.04 | NOTE | |
| r-devel-linux-x86_64-fedora-clang | 0.2.4 | 39.00 | 366.91 | 405.91 | NOTE | |
| r-devel-linux-x86_64-fedora-gcc | 0.2.4 | 14.00 | 368.07 | 382.07 | NOTE | |
| r-devel-windows-x86_64 | 0.2.4 | 11.00 | 221.00 | 232.00 | NOTE | |
| r-patched-linux-x86_64 | 0.2.4 | 7.82 | 225.69 | 233.51 | NOTE | |
| r-release-linux-x86_64 | 0.2.4 | 6.61 | 226.58 | 233.19 | NOTE | |
| r-release-macos-arm64 | 0.2.4 | 3.00 | 81.00 | 84.00 | NOTE | |
| r-release-macos-x86_64 | 0.2.4 | 6.00 | 194.00 | 200.00 | NOTE | |
| r-release-windows-x86_64 | 0.2.4 | 9.00 | 216.00 | 225.00 | NOTE | |
| r-oldrel-macos-arm64 | 0.2.4 | 3.00 | 84.00 | 87.00 | NOTE | |
| r-oldrel-macos-x86_64 | 0.2.4 | 5.00 | 144.00 | 149.00 | NOTE | |
| r-oldrel-windows-x86_64 | 0.2.4 | 11.00 | 314.00 | 325.00 | NOTE | 
Version: 0.2.4
Check: Rd files
Result: NOTE
  checkRd: (-1) recm.Rd:55: Lost braces; missing escapes or markup?
      55 | {In all cases,} \eqn{x_{j,t-1}} {in} \eqn{ECT} {is replaced by} \eqn{x_{j,t} \;\;\;\;\; \forall \;\; q_{j} = 0}
         | ^
  checkRd: (-1) recm.Rd:55: Lost braces; missing escapes or markup?
      55 | {In all cases,} \eqn{x_{j,t-1}} {in} \eqn{ECT} {is replaced by} \eqn{x_{j,t} \;\;\;\;\; \forall \;\; q_{j} = 0}
         |                                 ^
  checkRd: (-1) recm.Rd:55: Lost braces; missing escapes or markup?
      55 | {In all cases,} \eqn{x_{j,t-1}} {in} \eqn{ECT} {is replaced by} \eqn{x_{j,t} \;\;\;\;\; \forall \;\; q_{j} = 0}
         |                                                ^
  checkRd: (-1) uecm.Rd:76: Lost braces; missing escapes or markup?
      76 |   {In addition,} \eqn{x_{j,t-1}} {and} \eqn{\Delta x_{j,t}} {cancel out
         |   ^
  checkRd: (-1) uecm.Rd:76: Lost braces; missing escapes or markup?
      76 |   {In addition,} \eqn{x_{j,t-1}} {and} \eqn{\Delta x_{j,t}} {cancel out
         |                                  ^
  checkRd: (-1) uecm.Rd:76-77: Lost braces
      76 |   {In addition,} \eqn{x_{j,t-1}} {and} \eqn{\Delta x_{j,t}} {cancel out
         |                                                             ^
Flavors: r-devel-linux-x86_64-debian-clang, r-devel-linux-x86_64-debian-gcc, r-devel-linux-x86_64-fedora-clang, r-devel-linux-x86_64-fedora-gcc, r-devel-windows-x86_64, r-patched-linux-x86_64, r-release-linux-x86_64, r-release-macos-arm64, r-release-macos-x86_64, r-release-windows-x86_64, r-oldrel-macos-arm64, r-oldrel-macos-x86_64, r-oldrel-windows-x86_64